3*f. What are the prime factors of r?
3
Let b(j) = 2*j - 5. Let o be b(5). Let f(l) = 3*l. What are the prime factors of f(o)?
3, 5
Suppose o = -2*k + 3*o + 16, -5*k - 4*o = 5. Suppose -13 + k = -5*w. List the prime factors of w.
2
Let m(x) = -x**3 + x**2 + 45. Let y be (3 - (-12)/(-4))/(-1). What are the prime factors of m(y)?
3, 5
Suppose -4*d + 4*g + 316 = 0, 5*d + g + 164 = 565. What are the prime factors of d?
2, 5
Let i be (-6)/2 + 2 + 25. What are the prime factors of (-9)/2*i/(-9)?
2, 3
Let u(v) = -v**3 - v**2 + v - 4. Let h be u(0). Let y be -1 - (-1 + h - -2). What are the prime factors of (3/2)/(1/y)?
3
Let d = -46 + 155. Let m = -76 + d. What are the prime factors of m?
3, 11
Suppose 46*u - 42*u = 448. What are the prime factors of u?
2, 7
Suppose 5*b - 12 = 2*b. Let g be -12*(21/6)/(-7). Suppose b*v + 6 = g*v. What are the prime factors of v?
3
Let g = 3 - 3. Suppose g = a + 2*a. Suppose -m - 2*c - 2 + a = 0, -4*c = 20. What are the prime factors of m?
2
Let g(i) = 2*i**2 - 3*i + 1. What are the prime factors of g(2)?
3
Let n(h) = -h**3 + 2*h**2 - h + 2. Let d be n(2). Suppose -3*t - 36 = -5*x - 11, 3*x - 2*t - 16 = d. What are the prime factors of x?
2
Suppose 0 = -2*b - b - 45. Let j be b/10*(-20)/6. Suppose -5*t = j*w - 30, 9 + 6 = w + 4*t. What are the prime factors of w?
3
Suppose -2*m = 1 - 3. Suppose -2*v - 14 = 4*d, 3*d + 2*v - 1 = 4*d. What are the prime factors of m*2 - (d + 3)?
2
Let j = -4 + 4. Let i = 3 - j. Suppose 37 = i*v - 0*v + 5*s, s + 7 = 3*v. List the prime factors of v.
2
Suppose 0 = -17*h + 15*h + 24. Suppose -14*w + 68 = -h*w. What are the prime factors of w?
2, 17
Let i(w) = 4*w**2 + 3*w - 1. Let j be i(2). Let d = -12 + j. Suppose -3*n = -d*q + 4*q - 18, -n + 5*q = -6. List the prime factors of n.
2, 3
Let j(f) = -8*f + 15. What are the prime factors of j(-13)?
7, 17
Let r be 87/(-6) + (-2)/(-4). What are the prime factors of r/21*51/(-2)?
17
List the prime factors of -4 - 0 - (-108)/3.
2
Let k = 2 - -2. Let r = k - -15. Suppose 5 + r = 4*o. What are the prime factors of o?
2, 3
Let k(v) be the first derivative of 1/2*v**2 + 3 + 1/3*v**3 + v - 3/2*v**4. What are the prime factors of k(-1)?
7
Let z be 2*(15/2 + 1). Let w be 7/(84/40)*9. Let r = w - z. What are the prime factors of r?
13
Let c be ((-28)/(-12))/((-2)/6). Let v(x) be the first derivative of x**3/3 + 3*x**2 + 3*x - 1. What are the prime factors of v(c)?
2, 5
Let v be 30/7 - (-20)/(-70). Suppose -19 = -b + v. What are the prime factors of b?
23
Suppose 5*q - 422 = -4*w, 2*w = -4*q + 99 + 115. List the prime factors of w.
103
Let t(o) = -o**3 + o**2 + 1. Let z(n) = 3*n**3 + n**2 - 2*n - 4. Let f(c) = 4*t(c) + z(c). Let g be 8/(-12) + 14/3. What are the prime factors of f(g)?
2
Let v(j) = j**2 - 6*j + 7. Let x be v(6). Let a(n) = -n**2 + 10*n - 6. What are the prime factors of a(x)?
3, 5
Suppose 0 = -2*z - 6, 5*z = -3*j - 42 + 126. List the prime factors of j.
3, 11
Suppose -5*k + 20 = -0*k, k = -g + 3. Let d be 16/(-12)*3*g. Suppose p = 5*o - 16 - 13, -26 = -5*o + d*p. List the prime factors of o.
2, 3
Suppose 3*t + 2*w - 263 = -23, 4*t = 3*w + 303. Let c = t - 51. List the prime factors of c.
3
Let z = 35 - 14. Let c = -13 + z. What are the prime factors of c?
2
Let x = 36 + -27. List the prime factors of x.
3
List the prime factors of 1026/15 - 5/((-25)/(-2)).
2, 17
Let g(r) be the first derivative of r**4/4 - 2*r**3 - 2*r**2 - 7*r + 2. List the prime factors of g(7).
2, 7
Let f = 93 - 64. List the prime factors of f.
29
Suppose -3*u - 31 = -4*h - 11, 4*h = 2*u + 20. Suppose 4*s = -4 - u. What are the prime factors of 21*s/(14/(-12))?
2, 3
Suppose 9 = l - 7. Suppose l + 2 = i. What are the prime factors of i?
2, 3
Let w = -63 - -60. Let t(x) = -5*x + 2. Let b be t(-2). List the prime factors of 4/b + (-44)/w.
3, 5
Let k = -52 + 94. List the prime factors of k.
2, 3, 7
Suppose 4*p + 19 = -1, 0 = 4*x + 2*p - 294. What are the prime factors of x?
2, 19
Let p(h) = h**2 - 3*h + 1. Let q be (-5)/(-4)*(3 + 1). Let s be p(q). Suppose 3*o = 19 + s. What are the prime factors of o?
2, 5
List the prime factors of (-355)/(-4) - (27/12)/3.
2, 11
Suppose 4*q = 808 - 8. Suppose q = r + 4*r. Suppose 2*n - r = -2*n. What are the prime factors of n?
2, 5
Let b(l) = 2*l - 4. Let j(d) = d**2 + 1. Let i be j(3). List the prime factors of b(i).
2
List the prime factors of (1 - 0)/(-2*(-4)/1864).
233
List the prime factors of -5 + 0 + (-1122)/(-33).
29
Let c(m) = -m + 2*m + 15 - 2*m. Let f be c(11). Suppose f*h - 19 = 3*h. List the prime factors of h.
19
Suppose 0 = 15*f - 391 - 719. List the prime factors of f.
2, 37
Suppose 0 = 2*v + 3*v + 15. Let w = 3 - v. Suppose 0 = 4*f - w - 26. What are the prime factors of f?
2
Let w be (-1 + (-32)/2)*1. Let g = 44 - w. Suppose -5*j - 1 = -g. List the prime factors of j.
2, 3
Let d(b) = 8*b**2 - 5*b + 4. What are the prime factors of d(3)?
61
Suppose -1 = i, -f = -0*f - 2*i - 9. Suppose 2*o - f*o = -40. Suppose b - o = -0*b. What are the prime factors of b?
2
Suppose -75 = 6*k - k. What are the prime factors of 184/10 - (-6)/k?
2, 3
Suppose k - 5 = -0*k. Suppose k = q - 22. What are the prime factors of q?
3
Let w(m) = -m**3 - 6*m**2 - 3*m - 2. Suppose -10 = n + 2*n - 2*z, -n = -3*z - 6. List the prime factors of w(n).
2
Let p(f) = 2*f**2 - 7*f. Suppose -8*d + 7*d = -6. List the prime factors of p(d).
2, 3, 5
Suppose 0*j = -j - 3*g + 13, 5*g = -j + 17. Suppose -87 = -5*a - j. Let s = 26 - a. What are the prime factors of s?
2, 5
Suppose 8 = -2*j, 3*j = 2*i - 15 + 1. List the prime factors of (i - -3)*(2 + 2).
2
Let f = 34 + -11. Suppose 0 = 2*k + 15 - f. List the prime factors of k.
2
List the prime factors of 2/(630/155 - 4).
31
Let s(v) = v + 1. Let q(o) = o + 9. Let y(p) = -q(p) + 4*s(p). List the prime factors of y(8).
19
Let a(d) = -d**3 - 5*d**2 - 4*d - 12. What are the prime factors of a(-6)?
2, 3
Suppose -a = 5*m + 100 - 1837, 4*a - 1728 = -5*m. List the prime factors of m.
2, 3, 29
Let y(r) = 24*r**3 + 4*r**2 - 2*r**2 - r**2. What are the prime factors of y(1)?
5
Suppose -94 = 6*x - 340. What are the prime factors of x?
41
Let v be -6*((-5)/(-3) + -1). Let g be (-1 - 2)*v*1. Let i = g - 6. List the prime factors of i.
2, 3
Suppose -5*z + 13*z = 320. List the prime factors of z.
2, 5
Let q(w) be the first derivative of -w**3/3 - 4*w**2 + 4*w - 1. List the prime factors of q(-5).
19
Let d be ((-3)/4)/(1/(-4)). Let f(w) = 3*w**2 - 4*w + 0*w**2 + 1 - w**2. List the prime factors of f(d).
7
What are the prime factors of 29 + ((-18)/(-3) - 2)?
3, 11
Let d be (57/12)/(2/8). Let t = -5 + d. List the prime factors of t.
2, 7
Suppose 0 = -g + 4*x - 2*x + 4, 4*g - x - 16 = 0. Let b(z) be the third derivative of z**4/24 + z**3/6 - z**2. List the prime factors of b(g).
5
Suppose -v = -s + 89, -5*s + 196 = -3*s + 4*v. List the prime factors of s.
2, 23
Let l(j) = j**3 + 2*j**2 + j. Let t be l(-1). Suppose -3*d - 2*d + 20 = t. What are the prime factors of d?
2
Let w(f) = -f**3 - 8*f**2 - 8*f - 2. Let j be w(-7). List the prime factors of ((j*-2)/1)/(-1).
2, 5
Let c(q) be the third derivative of -2/3*q**3 + 0*q + 3*q**2 + 0 - 1/60*q**5 + 3/8*q**4. What are the prime factors of c(8)?
2
Let r(u) = -15 + u**2 - 13*u - u**2 - u**2. Suppose -4*s - 16 = 0, -c - 3*c - 2*s - 48 = 0. What are the prime factors of r(c)?
3, 5
Let u(x) = 1 - 3*x + 3*x + 2*x - 3*x. Let j be u(-2). Suppose j*c = 4*y + 42, -4*y - 1 = c + 1. List the prime factors of c.
2, 5
Let p(s) = s - 3*s**2 - 1 + 12*s**2 - 5 - 8*s**2. What are the prime factors of p(5)?
2, 3
Let v = 13 - -2. What are the prime factors of v?
3, 5
What are the prime factors of (-2)/8 - (-490)/8?
61
Let c(q) = -q**3 - 6*q**2 - 2*q - 6. Let u be c(-6). Suppose u*a = 4*a + 26. List the prime factors of a.
13
Let z(t) = -6*t**3 - 2*t**2 + 3*t - 4. Let j(q) = -2*q**3 - q**2 + q - 1. Let o(x) = 11*j(x) - 4*z(x). List the prime factors of o(3).
29
Let s = 36 - 67. Let g = s - -60. List the prime factors of g.
29
Let t(u) = -u**2 - 20*u - 34. List the prime factors of t(-14).
2, 5
Let n = -2 + 4. Suppose -17 = n*t - 91. What are the prime factors of t?
37
Let s = 8 + -9. List the prime factors of (-1)/s*(12 - -1).
13
Let g(t) = -19*t**3 + t**2 + t. Let z be g(-1). Let k(f) = -f**2 - f - 6. Let 